rs of f.
5, 11699
Let z = 3477 + 71317. What are the prime factors of z?
2, 37397
Let r = 6848 - 4065. What are the prime factors of r?
11, 23
Let n(m) = 3*m**2 - 4*m + 17. Let h be -3*(-3)/(-3)*(-16)/12. What are the prime factors of n(h)?
7
Suppose -64*q = -60*q + 4*s - 108396, -27123 = -q - 5*s. List the prime factors of q.
3, 11, 821
Let u = -625 - -517. List the prime factors of 4/(-4)*(3 + u - -6).
3, 11
Let t = 310 - 310. Suppose -14*h - 13*h + 38097 = t. What are the prime factors of h?
17, 83
Let y(z) = -6*z + 26. Let r be 15*(-2)/(-6)*18/15. Let d(p) = p**3 - 6*p**2 - 2*p - 2. Let k be d(r). What are the prime factors of y(k)?
2, 5, 11
Suppose 138 = 20*m + 38. List the prime factors of m + (406 - (-5 + 7)).
409
Suppose 5*d + 3704 = 2*t - 5100, t = -5*d + 4387. What are the prime factors of t?
4397
Suppose 7*q - 5*k = 12*q - 14020, 0 = 3*q + k - 8416. Suppose 28*l - q = -818. List the prime factors of l.
71
Let c(m) = -65*m + 50. Let k be c(4). Let l = k - -555. List the prime factors of l.
3, 5, 23
Let u be 0 + 0/(-3) - -14. What are the prime factors of (50/(-14) - 6/u) + 1213?
3, 13, 31
Let j be (1 - 5 - -21)/1. Let n(d) = -4*d**3 + d - 1. Let r be n(-3). Suppose r = -13*v + j*v. List the prime factors of v.
2, 13
Suppose 360271 = -151*t + 1422254. List the prime factors of t.
13, 541
List the prime factors of (12/132 + 45/(-132))*-143404.
35851
Suppose -615416 = -152*r + 677040. What are the prime factors of r?
11, 773
Let k = 243 - 237. Suppose 2*n = -2*i + 492, -2*n = k*i - 9*i - 512. What are the prime factors of n?
2, 5
Let d be 0 + -1 + (-25 - -1). Suppose -70 = -13*a + 320. Let f = d + a. What are the prime factors of f?
5
Suppose 79*n + 4748304 = 145*n. What are the prime factors of n?
2, 17, 23
Let r be 21/(-12) - 8/32. Let v = 180 + r. List the prime factors of v.
2, 89
Suppose 5*d - 41 + 16 = 0. Suppose 5*x = d*x + x. Suppose 3*j = -4*v + v + 348, x = j + 2*v - 119. List the prime factors of j.
113
Suppose -3*m = 9, -4*y - 10 + 33 = -m. Suppose -s + 23 = 4*i, -60 = -y*s + 3*i + 78. List the prime factors of s.
3
Suppose 1819*i - 1797*i = 137830. What are the prime factors of i?
5, 7, 179
Let g = 67066 - 40148. What are the prime factors of g?
2, 43, 313
Let s(m) = -4*m**2 + 3*m + 7. Suppose -3*u - 5 = -5*h, 5*u + 3*h + 17 + 14 = 0. Let b be s(u). Let r = 194 + b. List the prime factors of r.
2, 43
Suppose 37*g - 1880 + 696 = 0. Suppose -g = -2*k - 34, -4*w = 2*k - 134. List the prime factors of w.
2, 17
Let i(r) = r**3 + 61*r**2 + 106*r - 19. What are the prime factors of i(-49)?
23599
Suppose 155*q - 3380329 = 1585466 + 1186310. List the prime factors of q.
19, 2089
Let s = 116 + -164. Let t = 48 + s. Suppose b - 158 = -t*b - 5*k, 2*b = 5*k + 391. What are the prime factors of b?
3, 61
Suppose -2354027 - 471539 = -38*x. List the prime factors of x.
74357
Let c(u) = -5461*u**3 - 43*u**2 - 105*u. What are the prime factors of c(-2)?
2, 21863
What are the prime factors of 12/(-28)*376236/(-108)?
1493
Suppose 31453 = 3*w + 2*u, 0 = 16*w - 14*w + 2*u - 20972. What are the prime factors of w?
47, 223
What are the prime factors of ((-477)/(-27) + -19)/(28/(-1242843))?
59183
Suppose 4 = -2*y - 276. What are the prime factors of 16230/21 + (-5)/y*4?
773
Let v(h) = 321*h - 17. List the prime factors of v(8).
2551
Suppose 1208 - 2437 = -36*f + 9067. What are the prime factors of f?
2, 11, 13
Suppose 102 = 66*j - 162. Let h(q) = 173*q - 29. What are the prime factors of h(j)?
3, 13, 17
Suppose 11*g - 31 = 24. Suppose 4*k - 2*h = -5*h + 3438, h - 4292 = -g*k. Suppose 462 + k = 8*q. What are the prime factors of q?
3, 5, 11
Let u = -1349 - -2868. Suppose -313 + u = 6*n. List the prime factors of n.
3, 67
Suppose 2*b - 106 = -2*v, -4*b = -0*v - v + 48. Let r = v - -28. Suppose -19 + r = p. What are the prime factors of p?
61
Let b(l) = 7*l - 9. Let f be b(2). Suppose 2508 = v + f*v. Suppose -2*n - 166 - 34 = -2*a, 4*a + 2*n - v = 0. List the prime factors of a.
103
Suppose -9*a = -6*a - 48. Suppose 0 = -h + c + 180, -5*c + a = 2*h - 344. What are the prime factors of h?
2, 3, 5
Let v = -4 - -8. Let z(g) = 4*g + 28. Let x(u) = 2*u + 14. Let t(b) = -11*x(b) + 6*z(b). What are the prime factors of t(v)?
2, 11
Let m = -13405 + 19801. Let w = m - 4500. What are the prime factors of w?
2, 3, 79
Let l(u) = 1223*u + 47. List the prime factors of l(3).
2, 929
Suppose -3*g - 126*p + 128*p = -6849, p + 9132 = 4*g. List the prime factors of g.
3, 761
Suppose -g + 27583 = 130*a - 125*a, 16589 = 3*a - 5*g. List the prime factors of a.
2, 31, 89
Let l = -212 + 176. Let o = l + 796. List the prime factors of o.
2, 5, 19
Let k(i) = -7*i**3 + 3*i**2 + 9*i + 45. What are the prime factors of k(-6)?
3, 179
Let p = 199 - -252. Suppose -21*b + p = -1607. What are the prime factors of b?
2, 7
Let g = 454 + -442. Suppose -18823 - 2825 = -g*i. List the prime factors of i.
2, 11, 41
Let s = 29913 + -20835. What are the prime factors of s?
2, 3, 17, 89
Suppose 4*j + 30980 = 137*n - 136*n, -4*j = -4*n + 124004. What are the prime factors of n?
2, 3, 17, 19
Let m(k) = k**3 - 69*k**2 - 240*k + 67. What are the prime factors of m(75)?
15817
Suppose 2 = 10*n - 68. Let x(a) = 3*a - 16. Let f be x(n). Suppose 4*z - 182 = -f*u, 29 + 48 = 2*u + 3*z. List the prime factors of u.
2, 17
Let g(v) = -v**2 - 171*v + 17680. What are the prime factors of g(0)?
2, 5, 13, 17
Suppose 4*j - 16 = 2*r, -2*j + 2 = 2*r - 0*r. Let l be 29*(2 - r)/4. What are the prime factors of l/4 - (-6)/(-24)?
7
Let o(t) = t**2 + 2*t - 11. Let u(d) = -d**2 - 6*d + 12. Let c be u(-7). Let b be o(c). Suppose 2*p - 172 = b. What are the prime factors of p?
2, 7
Let r be ((-15)/(-6) - 2)*0/(-8). Suppose r = b - 2*v + 7*v - 177, -5*v + 678 = 4*b. What are the prime factors of b?
167
What are the prime factors of 50/(-5) - (-10549 - 0)?
3, 1171
Suppose 0 = -790*c + 796*c - 52128. What are the prime factors of c?
2, 3, 181
Let f(d) = 9*d + 111. Let q be f(-12). Suppose -v - 656 = -5*v. Suppose -6*c = -c + q*n - v, c + 2*n = 37. List the prime factors of c.
31
List the prime factors of ((-4333)/(13 - 20))/((5 - 1) + -3).
619
Let y = 12494 - 1901. What are the prime factors of y?
3, 11, 107
Suppose 87*i = -74*i + 29*i - 396. Let o be (-6)/15 + 4/10. List the prime factors of i + o - (-4 - 217).
2, 109
Suppose 95*b - 79477 - 123300 = 125068. What are the prime factors of b?
7, 17, 29
Suppose -4*h + 3*j + 14 = 0, 2*j + 2*j = 8. What are the prime factors of (20/h)/(-1) + 215?
211
List the prime factors of (-398 + (-504)/24)*(-14 - -1).
13, 419
Suppose 0 = -3*v + 3, 2*s = 4*v. Suppose -5*b = 3*f - 1699, 1356 = 4*b + s*f + 2*f. List the prime factors of b.
11, 31
Suppose -3*q - 4*i + 13 = -5, 13 = q - i. What are the prime factors of 541 - 2/(3 - (q - 5))?
2, 271
Suppose 15*x = 4*x + 6963. Suppose -198*d + 195*d + x = 0. List the prime factors of d.
211
Suppose m - 287 = -2*y - 59, m = -2. Let b = 128 - y. Let f = 252 - b. List the prime factors of f.
239
Suppose -148*t + 3 = -149*t. What are the prime factors of 55/(-22)*t/(3/142)?
5, 71
Let s = -152 + 156. Suppose 5*j + 2*x - 1551 = -0*j, s*x + 1533 = 5*j. List the prime factors of j.
3, 103
Let b = 27577 - -12882. What are the prime factors of b?
40459
What are the prime factors of -1938*(-24 + (7 - 5))?
2, 3, 11, 17, 19
Suppose -5*t + 15 = 0, -5*n + 2673 = -7*t + 3*t. List the prime factors of n/5 - (-2)/(-5).
107
Suppose -1406589 = -48*v + 2*v - 438151. List the prime factors of v.
37, 569
Let l = -8206 - -8887. List the prime factors of l.
3, 227
Let a = -69 + 81. Let g(n) = 7*n + 9. Let r be g(a). Suppose -3*s + 13 = -2, 0 = -2*k + 3*s + r. List the prime factors of k.
2, 3
Let u(z) = -z**3 + 7*z**2 + z - 4. Let i be u(7). Suppose i*f - 1548 = 3*g - 8*g, -514 = -f - g. List the prime factors of f.
7, 73
Suppose -5 + 10 = 5*a - 5*j, 0 = -4*a - 5*j + 31. Suppose -5*s + 324 = f, f - a*f + 933 = 2*s. List the prime factors of f.
3, 103
Let p(h) = h**2 - 23*h. Let i be p(0). Suppose i = -10*v + 8611 - 2001. List the prime factors of v.
661
Let o = 147 - 153. List the prime factors of (o + 154/21)/(4/1146).
2, 191
Let a(o) = -o**2 + 4*o + 4. Let b be a(4). Suppose -45 + b = -m. Let z = m - 31. What are the prime factors of z?
2, 5
Suppose 3*p - 6 = 24. Let 